{"id":31010,"date":"2026-01-01T10:55:02","date_gmt":"2026-01-01T10:55:02","guid":{"rendered":"https:\/\/medqpharmaceuticalsupplies.co.za\/?post_type=product&#038;p=31010"},"modified":"2026-01-01T10:55:34","modified_gmt":"2026-01-01T10:55:34","slug":"metabo-sds-plus-drill-bit-chisel-set-5pce","status":"publish","type":"product","link":"https:\/\/medqpharmaceuticalsupplies.co.za\/?product=metabo-sds-plus-drill-bit-chisel-set-5pce","title":{"rendered":"Metabo SDS-Plus Drill Bit &#038; Chisel Set, 5Pce"},"content":{"rendered":"<p>5 Pieces<\/p>\n<hr \/>\n<h2>Additional information<\/h2>\n<table class=\"woocommerce-product-attributes shop_attributes\" aria-label=\"Product Details\">\n<tbody>\n<tr class=\"woocommerce-product-attributes-item woocommerce-product-attributes-item--attribute_product-details\">\n<th class=\"woocommerce-product-attributes-item__label\" scope=\"row\">Product Details<\/th>\n<td class=\"woocommerce-product-attributes-item__value\">\n<p>5 Pieces<\/p>\n<\/td>\n<\/tr>\n<\/tbody>\n<\/table>\n","protected":false},"excerpt":{"rendered":"<p>Highest drill speed thanks to reduction in friction and improved impact transmission thanks to the special cutting geometry on the chisel-shaped drill head.<br \/>Stable and durable centering point for high-precision spot-drilling<br \/>Power breakers cause micro tears in the material for a noticeable quicker drill progress<br \/>The probability of snagging on concrete reinforcements is significantly reduced thanks to enlarged armouring phases.<br \/>The 2-spiral helix with its helical geometry with reincorced core ensures quick delivery of bore dust and maximum breakage resistance<br \/>For use in concrete, masonry, natural stone, granite<br \/>comprising each 1 hammer drill bit \u00d8 6\u00d7160 mm, 8\u00d7160 mm, 10\u00d7160 mm, 1 pointed chisel 250 mm and 1 flat chisel 250x 20 mm<\/p>\n<p class=\"\u201clead-time\u201d\">\n<p class=\"lead-time\">Lead time is 3-6 business days.<\/p><\/p>\n","protected":false},"featured_media":31057,"template":"","meta":{"content-type":""},"product_brand":[],"product_cat":[10815,10824],"product_tag":[10825],"class_list":{"0":"post-31010","1":"product","2":"type-product","3":"status-publish","4":"has-post-thumbnail","6":"product_cat-factory-warehouse","7":"product_cat-tools-factory-warehouse","8":"product_tag-factory-warehouse-tools","10":"first","11":"instock","12":"sale","13":"shipping-taxable","14":"purchasable","15":"product-type-simple"},"_links":{"self":[{"href":"https:\/\/medqpharmaceuticalsupplies.co.za\/index.php?rest_route=\/wp\/v2\/product\/31010","targetHints":{"allow":["GET"]}}],"collection":[{"href":"https:\/\/medqpharmaceuticalsupplies.co.za\/index.php?rest_route=\/wp\/v2\/product"}],"about":[{"href":"https:\/\/medqpharmaceuticalsupplies.co.za\/index.php?rest_route=\/wp\/v2\/types\/product"}],"wp:featuredmedia":[{"embeddable":true,"href":"https:\/\/medqpharmaceuticalsupplies.co.za\/index.php?rest_route=\/wp\/v2\/media\/31057"}],"wp:attachment":[{"href":"https:\/\/medqpharmaceuticalsupplies.co.za\/index.php?rest_route=%2Fwp%2Fv2%2Fmedia&parent=31010"}],"wp:term":[{"taxonomy":"product_brand","embeddable":true,"href":"https:\/\/medqpharmaceuticalsupplies.co.za\/index.php?rest_route=%2Fwp%2Fv2%2Fproduct_brand&post=31010"},{"taxonomy":"product_cat","embeddable":true,"href":"https:\/\/medqpharmaceuticalsupplies.co.za\/index.php?rest_route=%2Fwp%2Fv2%2Fproduct_cat&post=31010"},{"taxonomy":"product_tag","embeddable":true,"href":"https:\/\/medqpharmaceuticalsupplies.co.za\/index.php?rest_route=%2Fwp%2Fv2%2Fproduct_tag&post=31010"}],"curies":[{"name":"wp","href":"https:\/\/api.w.org\/{rel}","templated":true}]}}